u) - 8*j(u). Let v be t(-5). Calculate the highest common divisor of v and 66.
33
Suppose 0 = -4*k - 2*q - q + 56, -2*q = -2*k + 14. Let t(m) = 6 + 12*m + 1 + 4 + 3*m - m**2. Let l be t(15). What is the highest common divisor of k and l?
11
Let b(v) = 67*v - 3262. Let x be b(61). What is the greatest common divisor of x and 3795?
165
Suppose d + 11841 = 5*p + 2*d, -3*d - 11877 = -5*p. What is the highest common divisor of 360 and p?
30
Suppose -76*d = -34*d - 6*d - 296640. What is the highest common divisor of 80 and d?
80
Suppose 0 = -26*p + 28*p + 4*o - 76, 0 = -o - 1. Calculate the highest common factor of 5560 and p.
40
Let n(l) = -l**3 + 24*l**2 - 132*l + 24. Let q be n(10). Calculate the highest common factor of q and 156.
52
Suppose -10*t + 1133 - 813 + 1140 = 0. What is the greatest common divisor of t and 3358?
146
Suppose -396 = -69*o + 2679 - 177. Let t be (35/(-3))/((-2)/6). Calculate the greatest common divisor of o and t.
7
Let u(n) = -n**2 - 12*n + 33. Let g be u(-14). Suppose 186 = 4*i - 2*v, g*i - 5*v - 353 + 113 = 0. Calculate the highest common factor of 9 and i.
9
Suppose -194 - 143 + 1527 = 119*i. What is the greatest common divisor of i and 10490?
10
Let t = -18693 - -19759. Calculate the greatest common divisor of t and 1107.
41
Let p be (-2)/(60/(-57) + 1). Suppose -11702 - 4714 = -54*n. Calculate the highest common factor of n and p.
38
Let k be 70 + (4 - 6) + 2. Let g = k + -100. Let q = 46 + g. Calculate the highest common factor of q and 2.
2
Let p(w) = 89*w**2 - 91*w - 90. Let m be p(-1). What is the highest common factor of m and 162?
18
Let i = 87030 - 87028. Suppose 0 = 2*h - 5*z - 96, 3*h - 6*h = -z - 118. Calculate the highest common factor of h and i.
2
Let t(g) = -g**3 + 52*g**2 - 42*g - 114. Let h be t(51). Calculate the greatest common divisor of h and 60.
15
Let j = 32240 - 32237. Let z be (1 + 8)/(3/(-33)). Let v = -66 - z. What is the greatest common factor of v and j?
3
Let t = 87 - 85. Suppose 100 = 7*z - t*z. Calculate the greatest common divisor of 45 and z.
5
Suppose -302 = -x - 5*i, -5*x - 5*i + 295 = -1255. Let t = -304 + x. Calculate the highest common factor of t and 30.
2
Let b(l) = l**2 + 3*l + 31. Let f be b(-12). Suppose -71 = -5*o + f. Calculate the highest common divisor of o and 63.
21
Let g = -598 + 606. What is the greatest common factor of g and 4952?
8
Let b be (-51)/(-7) - (-2)/(-7). Suppose -24*a = 6232 - 352. Let g = 259 + a. What is the greatest common divisor of b and g?
7
Suppose -411*y + 491*y - 85760 = 0. What is the highest common divisor of y and 8?
8
Suppose 5*n - 3*c - 429 = 0, 0*n - 5*c = 3*n - 271. Suppose -4*y + 167 - n = 0. Suppose -86 = 4*r - 326. What is the greatest common divisor of y and r?
20
Suppose -4*s + 2*f + 616 = 366, -135 = -2*s + 3*f. What is the greatest common divisor of s and 10485?
15
Suppose 2*v = 3*f + v - 14, -5*v + 30 = 5*f. Suppose f*q - 120 = g, 11 = -5*g - 14. What is the highest common factor of 391 and q?
23
Let x = 638176 - 638169. Suppose -5 = -2*t + 1. Let m be 0 + (t + 0)*21. Calculate the highest common factor of x and m.
7
Let o(q) = 4 + 30 + 6 + q. Let v(n) = -4*n**2 + 27*n + 7. Let r be v(7). Let z be o(r). Calculate the highest common divisor of 100 and z.
20
Suppose 0 = 3*a - 3*h + 651 - 1455, 3*a = h + 780. Let z(x) = -x**3 - x**2 - x + 6. Let j be z(-6). What is the greatest common divisor of j and a?
64
Let h(z) = 11*z - 68. Let c = 660 - 653. Let p be h(c). Calculate the highest common factor of p and 153.
9
Suppose -130 = 3*u - 493. Let x(s) = -18*s + 24. Let m be x(5). Let v = -55 - m. Calculate the highest common divisor of v and u.
11
Let i(r) = -r**2 + 28*r - 31. Let d be i(27). Let c(p) = 18*p + 73. Let n be c(d). Suppose 5*a + 0 = 5. What is the highest common divisor of a and n?
1
Let x = 1 - -2. Suppose -118 = -4*m + y, -25 - 72 = -x*m + 5*y. Suppose 4*w - 116 = -3*h, 31*h + 29 = w + 32*h. Calculate the highest common divisor of m and w.
29
Suppose b - 639 = -4*h, -h = -3*b - 803 + 2681. Suppose 7125 = -15*u + 3*u + 137*u. Calculate the highest common factor of b and u.
57
Suppose -5*w + 40 = -w. Let t = 456 - 443. Let x = w + t. Calculate the greatest common divisor of x and 92.
23
Suppose 5*y = -3*r - r + 99, y - 7 = -4*r. Let z(s) = s**2 - 3*s + 17. Let u be z(y). Let k = u - 306. What is the greatest common divisor of k and 19?
19
Let p = 110 + -520. Let k = p - -461. What is the highest common factor of k and 289?
17
Suppose -6 = -k - 8, -4*k + 47 = 5*n. Suppose -3*q + 527 = -4*f, -9*q + n*q - 2*f = 348. Calculate the greatest common factor of q and 26.
13
Suppose 10*j + 2810 = -4840. Let l be ((-24)/(-10))/((-3066)/j - 4). Let i = l - 173. Calculate the highest common factor of i and 19.
19
Let q(c) = -c**3 - 23*c**2 - 29*c - 26. Let x be q(-22). Suppose -3*w = -0*w - 9. Suppose -5*o + 32 = -w*o. What is the highest common divisor of x and o?
16
Suppose g + 2*g - 3504 = 3*q, -q = 2. Suppose 5*f - 2*s = 10, -3*f - s = f + 5. Suppose f = 7*o - g + 81. What is the highest common divisor of 31 and o?
31
Let s be -9*(-6)/(-30)*5 + -4. Let p be (s/(-65))/(2/50). Calculate the greatest common factor of 3 and p.
1
Let o = 4 - 0. Let p = 56 + -44. Suppose -o*f + 96 = p. What is the highest common factor of 231 and f?
21
Let g = 11950 + -11844. What is the greatest common divisor of 53954 and g?
106
Let n(s) = 412*s + 2651. Let p be n(-5). What is the greatest common divisor of p and 3?
3
Let l = -10 - -17. Let f be -4 - (6/2 - 9). Suppose 10*u - 8 = f*u. What is the greatest common divisor of l and u?
1
Let j = -4345 - -4357. What is the greatest common divisor of j and 1308?
12
Suppose 0 = 5*y + 2*y - 63. Let h = y + 0. Suppose 6*b + 150 = h*b. What is the highest common factor of 75 and b?
25
Let y be 1 - -38*1/1. Let x be -1 + 2 - (12/3 - y). Let f be (-2)/(-6) + (-6)/(x/(-1726)). Calculate the highest common divisor of 18 and f.
18
Let d(k) be the second derivative of 23*k**3/6 + 203*k**2 - 15*k + 2. Let v be d(-12). What is the greatest common factor of 20 and v?
10
Let x(l) = -l**3 + 29*l**2 - 137*l + 9. Let z be x(23). Calculate the highest common divisor of z and 54.
2
Suppose 5227 = t + 5*n, -3*t - 3*n + 14493 = -1164. Calculate the highest common factor of t and 111.
111
Suppose -3*o - 77 = -14*o. Let p be 70/o*(-54)/(-10). Suppose 15 = 5*n, -2*n - 73 - 2 = -v. Calculate the greatest common divisor of p and v.
27
Suppose -6*c + c - 15 = 0, 2*a + 4*c - 172 = 0. Suppose -4*s + 4 = 0, 2*w = -s - 3*s + a. Calculate the greatest common factor of 110 and w.
22
Let n(r) = r**2 - 16*r - 92. Let h be n(-5). What is the highest common divisor of h and 1963?
13
Let r be (-20)/(-50)*170/4. Let a = 0 + r. What is the greatest common factor of a and 34?
17
Let u = 141 + -137. Calculate the greatest common factor of 1792 and u.
4
Let k = 31 + -29. Let o be 10*1/(-2*(3 - 2)). Let a = 17 - o. What is the greatest common divisor of k and a?
2
Suppose -393 = -3*r - 69. Suppose 443 = 15*t - 277. What is the greatest common factor of t and r?
12
Let o = 614 - 361. Suppose 37944*u - 440 = 37934*u. Calculate the highest common factor of o and u.
11
Let a be (-4)/(-22) - 687/(-33). Let g = -821 - -1178. Calculate the highest common factor of a and g.
21
Let c = -114 - -104. Let k(v) = 2*v**2 + 8*v - 19. Let d be k(c). Let q = -89 + d. What is the highest common factor of 132 and q?
12
Let j(v) = -253*v + 542. Let l be j(2). What is the greatest common divisor of l and 164?
4
Suppose -19*g - 60 = -24*g. Let d be 81/g*(10 - -50). What is the greatest common divisor of d and 162?
81
Let u(a) = -110*a + 571. Let s be u(5). Suppose 5*l = 5, 0 = -4*i - 4*l + 35 + 25. Calculate the greatest common divisor of i and s.
7
Let k = 100 + -78. Let u be k - (-6 - (-6 - -2)). What is the highest common factor of 30 and u?
6
Suppose 0 = 6*a - 2*a - 76. Suppose 751*g - 758*g + 1048 = -16. What is the highest common divisor of a and g?
19
Let d(g) = g**2 - 59*g + 1395. Let s be d(39). What is the greatest common factor of s and 240?
15
Let x be 15/(-25) - (-230)/50. Let w be (-12)/x + 0 + 1 + 302. Calculate the highest common divisor of 20 and w.
20
Suppose -3*g = s - 66, -15*s + 13*s + 132 = 2*g. Let a be 1/((-3)/(-54)*-2). Let t be (-6)/9*a/1. Wh